 is the tens digit of 688?
8
What is the units digit of 3645?
5
What is the thousands digit of 1694?
1
What is the units digit of 13381?
1
What is the tens digit of 2471?
7
What is the tens digit of 40329?
2
What is the units digit of 463?
3
What is the ten thousands digit of 34151?
3
What is the hundreds digit of 2104?
1
What is the units digit of 27270?
0
What is the units digit of 205961?
1
What is the ten thousands digit of 13269?
1
What is the tens digit of 2448?
4
What is the tens digit of 182?
8
What is the ten thousands digit of 50955?
5
What is the units digit of 1006?
6
What is the units digit of 6162?
2
What is the tens digit of 3708?
0
What is the tens digit of 506?
0
What is the units digit of 410?
0
What is the units digit of 81770?
0
What is the tens digit of 382?
8
What is the thousands digit of 1375?
1
What is the hundreds digit of 1924?
9
What is the ten thousands digit of 12074?
1
What is the tens digit of 992?
9
What is the units digit of 379?
9
What is the units digit of 23?
3
What is the thousands digit of 1204?
1
What is the hundreds digit of 137087?
0
What is the tens digit of 71?
7
What is the units digit of 8029?
9
What is the units digit of 26223?
3
What is the ten thousands digit of 18242?
1
What is the units digit of 29?
9
What is the ten thousands digit of 52759?
5
What is the tens digit of 739?
3
What is the tens digit of 7597?
9
What is the tens digit of 53?
5
What is the tens digit of 3341?
4
What is the hundred thousands digit of 184952?
1
What is the tens digit of 140676?
7
What is the thousands digit of 21537?
1
What is the thousands digit of 1399?
1
What is the thousands digit of 10357?
0
What is the thousands digit of 51555?
1
What is the thousands digit of 4763?
4
What is the tens digit of 70700?
0
What is the tens digit of 3459?
5
What is the units digit of 25973?
3
What is the thousands digit of 68634?
8
What is the units digit of 2780?
0
What is the units digit of 378?
8
What is the hundreds digit of 58977?
9
What is the hundreds digit of 8235?
2
What is the hundreds digit of 1802?
8
What is the thousands digit of 7577?
7
What is the units digit of 1120?
0
What is the units digit of 324?
4
What is the tens digit of 972?
7
What is the ten thousands digit of 36851?
3
What is the tens digit of 239?
3
What is the units digit of 2221?
1
What is the thousands digit of 1097?
1
What is the hundred thousands digit of 115787?
1
What is the tens digit of 40882?
8
What is the tens digit of 833?
3
What is the units digit of 12842?
2
What is the units digit of 15799?
9
What is the hundreds digit of 80462?
4
What is the units digit of 85348?
8
What is the tens digit of 1919?
1
What is the hundreds digit of 2187?
1
What is the tens digit of 3972?
7
What is the hundreds digit of 5303?
3
What is the units digit of 3504?
4
What is the units digit of 17094?
4
What is the thousands digit of 7722?
7
What is the hundreds digit of 33172?
1
What is the thousands digit of 5309?
5
What is the units digit of 10639?
9
What is the tens digit of 996?
9
What is the ten thousands digit of 48337?
4
What is the units digit of 33176?
6
What is the tens digit of 2054?
5
What is the ten thousands digit of 15558?
1
What is the hundreds digit of 1887?
8
What is the hundreds digit of 4481?
4
What is the hundreds digit of 186?
1
What is the thousands digit of 3275?
3
What is the thousands digit of 30740?
0
What is the units digit of 15105?
5
What is the ten thousands digit of 130658?
3
What is the units digit of 43646?
6
What is the tens digit of 7156?
5
What is the hundreds digit of 29889?
8
What is the units digit of 670?
0
What is the units digit of 660?
0
What is the tens digit of 113962?
6
What is the tens digit of 454?
5
What is the units digit of 29032?
2
What is the hundreds digit of 20040?
0
What is the units digit of 49144?
4
What is the hundreds digit of 5247?
2
What is the units digit of 3587?
7
What is the hundreds digit of 5618?
6
What is the ten thousands digit of 118580?
1
What is the units digit of 36294?
4
What is the units digit of 6773?
3
What is the tens digit of 9625?
2
What is the hundreds digit of 175?
1
What is the units digit of 1241?
1
What is the units digit of 1595?
5
What is the ten thousands digit of 70598?
7
What is the tens digit of 1553?
5
What is the hundreds digit of 6815?
8
What is the tens digit of 11428?
2
What is the hundreds digit of 3031?
0
What is the tens digit of 706?
0
What is the tens digit of 322?
2
What is the thousands digit of 111954?
1
What is the units digit of 1104?
4
What is the units digit of 14265?
5
What is the thousands digit of 9433?
9
What is the units digit of 1344?
4
What is the ten thousands digit of 81839?
8
What is the ten thousands digit of 30285?
3
What is the ten thousands digit of 10974?
1
What is the thousands digit of 10159?
0
What is the tens digit of 202?
0
What is the hundreds digit of 1773?
7
What is the tens digit of 11149?
4
What is the tens digit of 2399?
9
What is the tens digit of 2599?
9
What is the ten thousands digit of 92746?
9
What is the units digit of 1973?
3
What is the hundreds digit of 127232?
2
What is the units digit of 1821?
1
What is the units digit of 2887?
7
What is the thousands digit of 1484?
1
What is the hundreds digit of 47260?
2
What is the tens digit of 706?
0
What is the hundreds digit of 623?
6
What is the hundreds digit of 521?
5
What is the units digit of 49169?
9
What is the ten thousands digit of 47171?
4
What is the hundreds digit of 151881?
8
What is the hundreds digit of 473?
4
What is the units digit of 1253?
3
What is the thousands digit of 4761?
4
What is the units digit of 556?
6
What is the ten thousands digit of 60254?
6
What is the tens digit of 3507?
0
What is the hundreds digit of 9373?
3
What is the tens digit of 4641?
4
What is the hundreds digit of 32686?
6
What is the thousands digit of 1485?
1
What is the thousands digit of 1068?
1
What is the hundreds digit of 651?
6
What is the tens digit of 619?
1
What is the thousands digit of 1518?
1
What is the units digit of 10178?
8
What is the thousands digit of 3336?
3
What is the hundreds digit of 102481?
4
What is the units digit of 1161?
1
What is the hundreds digit of 695?
6
What is the units digit of 90554?
4
What is the units digit of 3825?
5
What is the hundreds digit of 43030?
0
What is the hundreds digit of 13209?
2
What is the ten thousands digit of 51721?
5
What is the units digit of 13791?
1
What is the units digit of 7621?
1
What is the ten thousands digit of 24130?
2
What is the units digit of 17022?
2
What is the hundreds digit of 21447?
4
What is the tens digit of 134765?
6
What is the thousands digit of 1593?
1
What is the units digit of 1849?
9
What is the units digit of 64501?
1
What is the hundreds digit of 15178?
1
What is the tens digit of 3342?
4
What is the thousands digit of 1054?
1
What is the hundreds digit of 1200?
2
What is the thousands digit of 147120?
7
What is the tens digit of 16592?
9
What is the units digit of 1755?
5
What is the hundreds digit of 592?
5
What is the units digit of 9202?
2
What is the thousands digit of 1648?
1
What is the ten thousands digit of 35596?
3
What is the units digit of 15871?
1
What is the hundreds digit of 2373?
3
What is the thousands digit of 132986?
2
What is the hundreds digit of 191?
1
What is the thousands digit of 6113?
6
What is the units digit of 15?
5
What is the thousands digit of 60913?
0
What is the thousands digit of 5283?
5
What is the tens digit of 4148?
4
What is the ten thousands digit of 67272?
6
What is the tens digit of 7775?
7
What is the ten thousands digit of 32968?
3
What is the units digit of 36772?
2
What is the thousands digit of 8805?
8
What is the thousands digit of 8624?
8
What is the thousands digit of 49995?
9
What is the hundreds digit of 20051?
0
What is the ten thousands digit of 12425?
1
What is the units digit of 13491?
1
What is the units digit of 1907?
7
What is the units digit of 11796?
6
What is the tens digit of 8934?
3
What is the ten thousands digit of 121373?
2
What is the hundreds digit of 1250?
2
What is the units digit of 4977?
7
What is the hundreds digit of 9810?
8
What is the ten thousands digit of 76609?
7
What is the tens digit of 4730?
3
What is the ten